+ 2*u + 3. Let p be y(-4). Calculate the remainder when 41 is divided by (-6)/27 + 384/p.
13
Suppose 13 = -0*b + b. Let j be (24/(-2))/(-1) - -2. What is the remainder when 72/14*j/3 is divided by b?
11
Suppose 5*i - 270 = -m, 4*m - 169 = -3*i + 2*m. Calculate the remainder when i is divided by 28.
25
Let p = 6 + -2. What is the remainder when (-4)/(-3 - (-11)/p) is divided by 6?
4
What is the remainder when 8 is divided by (-1)/((-36)/(-20) - 2)?
3
Suppose h + 4*j + 6 = 0, 4*h - 4 = -2*j - 0. Suppose -z + 14 = 2*k, 5*k = h*z + z - 9. Calculate the remainder when ((-80)/(-24))/((-4)/(-18)) is divided by z.
7
Let u(k) = -89*k - 11. Calculate the remainder when u(-2) is divided by 13.
11
Let p(n) = 5 + 1 + 9 - 4 + n. Calculate the remainder when p(0) is divided by 3.
2
Let z be 0/(-2)*(-1)/4. What is the remainder when 13 is divided by z/(-2) - (4 - 9)?
3
Suppose -22*m + 26*m - 120 = 0. Calculate the remainder when 206 is divided by m.
26
Calculate the remainder when 61 is divided by ((-8)/(-5))/((-4)/(-40)).
13
Let u = -4 + 8. Suppose 0 = -u*w - 0*w + 116. Calculate the remainder when w is divided by 10.
9
Suppose -3*z - 20 = -5, 4*z = -l - 4. Calculate the remainder when l is divided by 9.
7
Let r(w) = 4*w - 12. What is the remainder when 31 is divided by r(7)?
15
What is the remainder when 71 is divided by -3 + 9 + -3 - -34?
34
Calculate the remainder when 18 is divided by 39/3 - 9/3.
8
Let c(h) = -h + 15. Let s be 2/(-8) + 5/20. Suppose 0*n + 2*n - 119 = -3*q, -3*n - 101 = -2*q. Calculate the remainder when q is divided by c(s).
13
Let p(a) = 17*a**2 + 2*a - 2. Let k be p(-2). Suppose k + 53 = 2*t - 5*d, -4*t - d + 197 = 0. Calculate the remainder when t is divided by 13.
11
Let w(r) = r**3 + 6*r**2 - r - 2. Let d be w(-6). Suppose -t + d = -3. Let x = 4 - 2. Calculate the remainder when t is divided by x.
1
Let z = 1 + 0. Let q(r) = -r**3 - 6*r**2 + r + 7. Let c = 0 - 6. Calculate the remainder when q(c) is divided by z.
0
Suppose 3*n - 4*n = -3. Let c be (0 + 8/n)*6. What is the remainder when 61 is divided by (c/3)/(-2)*-6?
13
What is the remainder when 4*1*(0 + 5) is divided by 2 - 1 - 6*-1?
6
Suppose -3*m - 3*i = -8*i - 26, 0 = -3*m + 3*i + 24. Suppose -m*p + 36 = -4*p. What is the remainder when 46 is divided by p?
10
What is the remainder when 82 is divided by (-1)/(-1) + 160/8?
19
Suppose 4*z - 10 = 2*z. Suppose -98 + 23 = -z*p. What is the remainder when p is divided by 8?
7
Let q(t) = t**2 - 3*t - 5. Calculate the remainder when q(5) is divided by (2/(-2))/(10/(-20)).
1
Suppose 117 = -0*c + 3*c. Suppose 3*r = 6*r - c. Calculate the remainder when r is divided by 7.
6
Let i(o) = o**3 + 5*o**2 - 7*o + 5. What is the remainder when 20 is divided by i(-6)?
9
Let t(d) = d**2 - 3*d + 1. Let h be (10/1)/(4 - 6). Let g = 7 + h. Calculate the remainder when t(4) is divided by g.
1
Let d(u) = 2*u**2 + 4. What is the remainder when d(3) is divided by 8?
6
Let c(l) = 5*l**2 + 3*l + 6. What is the remainder when 81 is divided by c(-3)?
39
Suppose -2*m = 3*b - 17 - 22, -3*b - 4*m = -45. Let r(y) = 80*y**3 + y**2 + 2*y - 2. Let w be r(1). What is the remainder when b is divided by 18/w - (-25)/9?
2
Suppose j - 2*z - 126 = 0, -2*j - 2*z = 3*j - 582. Calculate the remainder when j is divided by 30.
28
Let i(z) = z + 11. Let q be i(-6). Suppose 4*n = q*o - 20, o - 5 = -3*n + 4*n. What is the remainder when 20 is divided by (o + 7 + 0)/1?
6
Let j(h) = 36*h - 2. Let b be j(2). Let l = b + -27. Calculate the remainder when l is divided by 12.
7
What is the remainder when 90 is divided by -1*(-27 + 1 + 3)?
21
Let h be (5/15)/(1/(-9)). Let w(p) = p**2 - 3*p + 1. What is the remainder when 54 is divided by w(h)?
16
Suppose 5*l - 28 - 157 = 0. Calculate the remainder when l is divided by 10.
7
Suppose 0*t = -t - 1. Let f = 21 + t. What is the remainder when f is divided by 7?
6
Let w(q) = q**3 + 11*q**2 + 9*q + 3. Let j(t) = -t**2 + 7*t - 5. Let p be (-1 + 6)*(-2 + 3). What is the remainder when w(-10) is divided by j(p)?
3
Suppose i - 6 = 3*z - 7*z, -1 = -2*i + 3*z. Suppose -3*o = -i*o. Suppose -c + 2 + 12 = o. Calculate the remainder when 39 is divided by c.
11
Suppose 3*x - 5 - 13 = 0. Calculate the remainder when 41 is divided by x.
5
Calculate the remainder when 4/(-2) - -68 - (-24)/(-12) is divided by 23.
18
Suppose -5*n - i = -356, -4*i + 128 = 2*n - 0*i. What is the remainder when n is divided by 19?
15
Suppose 2 = -3*x + 5. Suppose -2*k = -11 + x. Suppose 4*o = -k*v + 66, -5*v + 3*o = 8*o - 70. Calculate the remainder when 18 is divided by v.
8
Let s(b) = 6 - 5*b + 38*b - 9. Let o be s(2). Calculate the remainder when 20 is divided by o/(-3)*1/(-3).
6
Let z = 58 - -31. Calculate the remainder when z is divided by 13.
11
Let j be 1*(-17 - 0) - -1. What is the remainder when 20 is divided by (-4)/(j/(-4)) + 8?
6
Let o = -9 + 47. What is the remainder when o is divided by 8?
6
Let q(g) = -g**3 + g**2 + 2*g + 1. Let c be q(2). Let v(i) = 6*i**2 + 1. What is the remainder when v(c) is divided by ((-8)/(-6))/((-2)/(-6))?
3
Suppose 3*g = 91 - 34. What is the remainder when 46 is divided by g?
8
Let d = 95 - 68. Suppose -k + 4*k - d = 0. Suppose -b = -10 - 16. Calculate the remainder when b is divided by k.
8
Suppose 112*h + 417 = 115*h. Calculate the remainder when h is divided by 20.
19
Suppose 3*j + 2*j + 10 = 0. What is the remainder when j/(-7) - 1836/(-42) is divided by 9?
8
Let z(g) be the first derivative of -g**4/4 - 2*g**3/3 - g**2/2 - g + 1. Calculate the remainder when z(-3) is divided by ((-30)/5)/((-12)/8).
3
What is the remainder when (108/14)/((-6)/(-28)) is divided by 19?
17
Let j(p) = 6*p**3 - 3*p**2 + 2. Let h(g) = -g**2 + 8*g - 3. What is the remainder when j(2) is divided by h(4)?
12
Suppose 0*t + t + 5*x = 0, -2*t - 4*x + 24 = 0. What is the remainder when (-58)/(-6)*-1*-6 is divided by t?
18
Let i(n) be the first derivative of -n**3/3 + 50*n + 6. Let r(w) = 2*w**2 + w - 4. Calculate the remainder when i(0) is divided by r(3).
16
Suppose -3*m + 38 + 168 = 4*p, -4*m + 288 = 2*p. Calculate the remainder when m is divided by 19.
17
Let u(a) = a**3 + 7*a**2 - 2*a - 5. Calculate the remainder when u(4) is divided by 33.
31
Suppose 3*w - 58 = t, -2*t + 39 = 5*w - 76. Let l be (-1)/4 + w/4. Suppose 0 = 4*c - 4*a - 44, l*a + 37 = 3*c + 2. What is the remainder when c is divided by 6?
4
Suppose -5*c + 2*r = -32, 3*c - r = 14 + 5. Suppose 0 = 2*b - 24 + c. Let t = -6 + b. Calculate the remainder when 7 is divided by t.
1
Let s(d) = 2*d**3 + 12*d**2 - 11*d + 2. Let z(x) = -x**3 - 6*x**2 + 6*x - 1. Let p(v) = 3*s(v) + 5*z(v). What is the remainder when 55 is divided by p(-6)?
17
Suppose -5*c + 57 = -213. What is the remainder when c is divided by 14?
12
Suppose 0 = 5*p + w - 350, 6 = w + 11. What is the remainder when p is divided by 12?
11
Let m be (-150)/2 + 1 + -2. Suppose -j - 4*u = -15, j - 27 = -u + 3*u. Calculate the remainder when j is divided by 4/10 - m/10.
7
Let v(z) = 4*z**2 + 2*z + 3. Suppose -2*u - 16 = -3*n, -35 = -5*n - 3*u - 2*u. Let s be n*(8/(-6))/4. What is the remainder when 44 is divided by v(s)?
14
Let r(t) = -t**3 - t**2 + 18. Suppose -5*i + 9 + 26 = 0. Calculate the remainder when r(0) is divided by i.
4
Suppose 0 = 6*t - 6 - 12. Calculate the remainder when 7 is divided by t.
1
Suppose -10 = -40*q + 39*q. What is the remainder when 78 is divided by q?
8
Let b be -5 + 2/1 + 1. Let u(y) = y**2 + 2*y + 3. Let j be u(b). Suppose 5*x = 4*c - 0*c + 85, -59 = -j*x + 4*c. What is the remainder when 38 is divided by x?
12
Suppose -4*j + 9*j = 40. What is the remainder when 22 is divided by j?
6
Let d(o) = -o**3 + 3*o**2 + 2*o - 4. Suppose 2*k + t - 26 = -4*t, 25 = 3*k + 4*t. What is the remainder when (0 + 2)*(-5)/(-5) is divided by d(k)?
0
Let w = -179 - -255. Suppose 4*c - w = 56. Suppose 0*d - 11 = d + 3*f, 2*d - 5*f - c = 0. What is the remainder when d is divided by 3?
1
Let b(a) = -a**2 - 6*a - 2. Suppose -7 - 1 = -2*s. Suppose s*m + 6 = 2*m. Calculate the remainder when 19 is divided by b(m).
5
Suppose 3*z = -3*j - z + 68, 0 = -5*j + 5*z + 55. What is the remainder when 61 is divided by j?
13
Let l = 7 + -4. Suppose 0*g + 11 = -g. Let k(o) = -o - 6. Calculate the remainder when k(g) is divided by l.
2
Suppose 2*f + 0